 thousands digit of 3457019975?
0
What is the tens digit of 34694424?
2
What is the hundreds digit of 233296962?
9
What is the ten thousands digit of 3656850222?
5
What is the millions digit of 193784349?
3
What is the tens digit of 2745442142?
4
What is the tens digit of 547248384?
8
What is the thousands digit of 1600892539?
2
What is the ten millions digit of 81476032?
8
What is the hundred millions digit of 361427023?
3
What is the units digit of 89413711?
1
What is the units digit of 33514714?
4
What is the units digit of 25454665?
5
What is the millions digit of 3115418514?
5
What is the hundreds digit of 29507500?
5
What is the hundred thousands digit of 9598144?
5
What is the hundreds digit of 16304512?
5
What is the thousands digit of 551545379?
5
What is the ten thousands digit of 118282505?
8
What is the hundreds digit of 7547511451?
4
What is the thousands digit of 2472149861?
9
What is the hundred millions digit of 1829839422?
8
What is the tens digit of 29923509?
0
What is the tens digit of 170061712?
1
What is the tens digit of 4195119859?
5
What is the millions digit of 413253703?
3
What is the hundreds digit of 76331295?
2
What is the hundred millions digit of 3058555654?
0
What is the millions digit of 112889176?
2
What is the hundred thousands digit of 360422?
3
What is the hundreds digit of 48530831?
8
What is the ten millions digit of 3341330011?
4
What is the thousands digit of 218828550?
8
What is the hundred thousands digit of 375294059?
2
What is the hundred millions digit of 682320519?
6
What is the thousands digit of 6785879068?
9
What is the millions digit of 13028583?
3
What is the hundreds digit of 20639770?
7
What is the millions digit of 135095974?
5
What is the millions digit of 50184333?
0
What is the billions digit of 2367834216?
2
What is the thousands digit of 56506917?
6
What is the tens digit of 228802254?
5
What is the ten thousands digit of 430010352?
1
What is the thousands digit of 164822638?
2
What is the ten millions digit of 140506817?
4
What is the billions digit of 2263126235?
2
What is the ten thousands digit of 966597231?
9
What is the hundred thousands digit of 724045436?
0
What is the hundreds digit of 113799380?
3
What is the billions digit of 7961364048?
7
What is the hundreds digit of 1616068163?
1
What is the ten thousands digit of 192499281?
9
What is the hundreds digit of 15302291?
2
What is the tens digit of 5350348709?
0
What is the ten thousands digit of 413390753?
9
What is the tens digit of 72041189?
8
What is the thousands digit of 94236676?
6
What is the billions digit of 2360313781?
2
What is the tens digit of 968468019?
1
What is the thousands digit of 168180847?
0
What is the ten millions digit of 75230782?
7
What is the millions digit of 2313683256?
3
What is the thousands digit of 142939236?
9
What is the millions digit of 99719205?
9
What is the tens digit of 601495914?
1
What is the ten millions digit of 49365561?
4
What is the tens digit of 131374428?
2
What is the tens digit of 505108139?
3
What is the hundred millions digit of 278022513?
2
What is the hundred thousands digit of 306517753?
5
What is the hundred thousands digit of 452900360?
9
What is the millions digit of 11495359?
1
What is the millions digit of 1763045781?
3
What is the hundred millions digit of 852818265?
8
What is the units digit of 93357658?
8
What is the tens digit of 179013845?
4
What is the ten thousands digit of 2932032741?
3
What is the thousands digit of 66161416?
1
What is the hundreds digit of 36945446?
4
What is the hundred thousands digit of 731610215?
6
What is the millions digit of 282354158?
2
What is the millions digit of 260355866?
0
What is the units digit of 98767815?
5
What is the millions digit of 1727326769?
7
What is the hundreds digit of 91349905?
9
What is the thousands digit of 64942862?
2
What is the units digit of 20049539?
9
What is the tens digit of 378390730?
3
What is the millions digit of 73974956?
3
What is the ten thousands digit of 25782197?
8
What is the units digit of 661508226?
6
What is the tens digit of 1782281?
8
What is the thousands digit of 57315285?
5
What is the hundred millions digit of 415969307?
4
What is the thousands digit of 209938418?
8
What is the ten millions digit of 173384197?
7
What is the thousands digit of 85491206?
1
What is the hundred thousands digit of 97764727?
7
What is the ten millions digit of 226978985?
2
What is the millions digit of 401217940?
1
What is the hundred millions digit of 195239072?
1
What is the tens digit of 2410372248?
4
What is the ten millions digit of 4108874892?
0
What is the ten thousands digit of 175906554?
0
What is the ten millions digit of 81199986?
8
What is the hundred thousands digit of 2357426513?
4
What is the units digit of 56035917?
7
What is the hundreds digit of 815185521?
5
What is the hundreds digit of 1101830977?
9
What is the ten millions digit of 173671706?
7
What is the units digit of 237970298?
8
What is the tens digit of 185649132?
3
What is the ten thousands digit of 122113019?
1
What is the ten thousands digit of 38955448?
5
What is the ten millions digit of 1455172729?
5
What is the tens digit of 132823128?
2
What is the ten millions digit of 664706836?
6
What is the units digit of 60947089?
9
What is the units digit of 2538407362?
2
What is the hundreds digit of 1478391568?
5
What is the hundreds digit of 3809945561?
5
What is the hundred millions digit of 137075073?
1
What is the ten millions digit of 773939992?
7
What is the hundreds digit of 1907758700?
7
What is the hundred millions digit of 1919403526?
9
What is the hundreds digit of 1459640399?
3
What is the millions digit of 439793208?
9
What is the hundreds digit of 481927429?
4
What is the thousands digit of 286587?
6
What is the millions digit of 44134435?
4
What is the tens digit of 1229933324?
2
What is the ten millions digit of 209134950?
0
What is the billions digit of 1347377062?
1
What is the units digit of 17795397?
7
What is the thousands digit of 78367402?
7
What is the ten thousands digit of 20331655?
3
What is the tens digit of 12724189?
8
What is the millions digit of 287636876?
7
What is the hundred millions digit of 1556568644?
5
What is the tens digit of 549506859?
5
What is the thousands digit of 216263986?
3
What is the ten thousands digit of 661001255?
0
What is the billions digit of 1087796741?
1
What is the ten millions digit of 38667518?
3
What is the ten thousands digit of 13945019?
4
What is the ten thousands digit of 2141864962?
6
What is the thousands digit of 88130593?
0
What is the millions digit of 1997302970?
7
What is the ten millions digit of 725280918?
2
What is the ten thousands digit of 4762563290?
6
What is the thousands digit of 61156476?
6
What is the units digit of 80809360?
0
What is the hundreds digit of 76937462?
4
What is the hundred thousands digit of 179116157?
1
What is the ten millions digit of 272817470?
7
What is the ten thousands digit of 91936340?
3
What is the units digit of 777000676?
6
What is the tens digit of 164513098?
9
What is the ten millions digit of 186404943?
8
What is the hundred millions digit of 288397165?
2
What is the hundred thousands digit of 3626327251?
3
What is the thousands digit of 156643181?
3
What is the units digit of 167311281?
1
What is the ten thousands digit of 258019850?
1
What is the thousands digit of 16927707?
7
What is the millions digit of 663038031?
3
What is the tens digit of 4706540621?
2
What is the billions digit of 7857354617?
7
What is the millions digit of 224741239?
4
What is the hundred thousands digit of 2167241353?
2
What is the tens digit of 33395691?
9
What is the thousands digit of 74759350?
9
What is the hundred thousands digit of 118510220?
5
What is the tens digit of 68503998?
9
What is the hundreds digit of 573618386?
3
What is the hundred millions digit of 408385820?
4
What is the ten thousands digit of 6055601079?
0
What is the ten thousands digit of 21571281?
7
What is the units digit of 1442142138?
8
What is the ten thousands digit of 245426115?
2
What is the thousands digit of 13253520?
3
What is the thousands digit of 5187795639?
5
What is the hundred thousands digit of 2288754491?
7
What is the billions digit of